{"id":7258,"date":"2021-06-08T17:17:12","date_gmt":"2021-06-08T15:17:12","guid":{"rendered":"https:\/\/www.tavolata.ch\/?page_id=7258"},"modified":"2022-12-21T14:44:26","modified_gmt":"2022-12-21T13:44:26","slug":"il-consiglio-di-tavolata","status":"publish","type":"page","link":"https:\/\/www.tavolata.ch\/it\/il-consiglio-di-tavolata\/","title":{"rendered":"Il consiglio di Tavolata"},"content":{"rendered":"<p>Il consiglio di Tavolata riunisce tutti i referenti delle Tavolate locali nonch\u00e9 tutti i rappresentanti regionali di Tavolata. L\u2019obiettivo di quest\u2019organo \u00e8 coinvolgere costantemente la base di Tavolata nella gestione della rete.<\/p>\n<h3>Retrospettiva sulla riunione del consiglio di Tavolata del 3 novembre 2022<\/h3>\n<p><a href=\"https:\/\/www.tavolata.ch\/it\/riunione-del-consiglio-di-tavolata\/\">Eccone il riassunto<\/a><\/p>\n<h3><strong>Retrospettiva sulla terza riunione del consiglio di Tavolata del 23 settembre 2021<\/strong><\/h3>\n<p>Il consiglio di Tavolata 2021 ha avuto luogo separatamente in ciascuna delle tre regioni linguistiche.<\/p>\n<ul>\n<li>In tutte le regioni, il team di progetto di Tavolata ha passato in rassegna le attivit\u00e0 della rete che si sono svolte dal secondo consiglio di Tavolata. Si \u00e8 quindi discusso a lungo sui risultati del sondaggio \u201cTavolata ai tempi del coronavirus\u201d condotto tra i membri.<\/li>\n<li>Le tensioni legate al Covid-19 hanno fornito spunti di discussione in tutte le regioni linguistiche.<\/li>\n<li>Nella Svizzera tedesca, i temi hanno continuato a girare intorno alle aspettative dei referenti o dei membri della Tavolata locale, alla possibilit\u00e0 di incontro a fronte di esigenze e condizioni mutevoli, alle giovani leve nelle Tavolate locali, oltre all\u2019importanza della rete e al suo ulteriore sviluppo.<\/li>\n<li>La responsabile di progetto nella Svizzera francese si \u00e8 confrontata con il rappresentante volontario di Pro Senectute Friburgo sulle sfide che il Covid-19 pone allo sviluppo della rete di Tavolata.<\/li>\n<li>In Ticino, nonostante tutto, si percepiva anche un rinnovato entusiasmo: le organizzazioni presenti si sono dette disponibili a sostenere Tavolata e a promuovere attivamente la costituzione di nuovi gruppi.<\/li>\n<\/ul>\n<p>Un verbale dettagliato del terzo consiglio di Tavolata sar\u00e0 a breve disponibile qui.<\/p>\n<p><a href=\"https:\/\/www.tavolata.ch\/wp-content\/uploads\/2021\/11\/Tavolata-Rat_2021_Protokoll_DE.pdf\" target=\"_blank\" rel=\"noopener\">Verbale dettagliato<\/a><\/p>\n<h3>Retrospettiva sulla seconda riunione del consiglio di Tavolata del 22 ottobre 2020<\/h3>\n<p><img loading=\"lazy\" decoding=\"async\" class=\"size-medium wp-image-7259 alignleft\" src=\"https:\/\/www.tavolata.ch\/wp-content\/uploads\/2021\/06\/Tavolata-Ratsversammlung-300x187.jpg\" alt=\"\" width=\"300\" height=\"187\" srcset=\"https:\/\/www.tavolata.ch\/wp-content\/uploads\/2021\/06\/Tavolata-Ratsversammlung-300x187.jpg 300w, https:\/\/www.tavolata.ch\/wp-content\/uploads\/2021\/06\/Tavolata-Ratsversammlung-1024x640.jpg 1024w, https:\/\/www.tavolata.ch\/wp-content\/uploads\/2021\/06\/Tavolata-Ratsversammlung-768x480.jpg 768w, https:\/\/www.tavolata.ch\/wp-content\/uploads\/2021\/06\/Tavolata-Ratsversammlung-1536x960.jpg 1536w, https:\/\/www.tavolata.ch\/wp-content\/uploads\/2021\/06\/Tavolata-Ratsversammlung-2048x1280.jpg 2048w\" sizes=\"auto, (max-width: 300px) 100vw, 300px\" \/>Nella seconda riunione del consiglio di Tavolata, svoltasi online, il tema principale all\u2019ordine del giorno \u00e8 stato: come si comportano le Tavolate in tempi di coronavirus? I referenti che hanno preso parte alla riunione hanno illustrato le loro attuali sfide: alcune Tavolate continuano a incontrarsi come prima e si mantengono in contatto, altre invece non si incontrano pi\u00f9. Le persone tendono a isolarsi e i contatti si perdono rapidamente.<\/p>\n<p>\u00c8 stato inoltre ampiamente discusso se i formati digitali possano arricchire i contatti nel gruppo. Marlen Rutz, responsabile di progetto di Tavolata, ha affermato che offerte digitali come \u201cAmuse bouche\u201d dovrebbero essere ulteriormente ampliate per permettere alle persone di incontrarsi al di l\u00e0 del gruppo locale malgrado le limitazioni attuali. Il nuovo sito web e il nuovo giornale di Tavolata \u201cBon App\u00e9tit!\u201d dovrebbero inoltre fornire un punto di vista vivace e informativo sulla rete e sulle sue attivit\u00e0.<\/p>\n<p>Anche nella Svizzera occidentale ferve l\u2019attivit\u00e0: Marine Jordan di Radix ha gi\u00e0 ottenuto alcuni risultati. Da quanto ha riferito, soprattutto nel Canton Friburgo e nell\u2019Arco del Giura (Neuch\u00e2tel-Giura) esistono attualmente Tavolate attive. Nella Svizzera romanda e in Ticino i tentativi di fondare nuove Tavolate sono stati purtroppo ostacolati dal coronavirus. Nella primavera 2021 Marine Jordan (Svizzera romanda) e Marcello Martinoni (Ticino) intensificheranno i loro sforzi.<\/p>\n<p>Queste sono le conclusioni del team di progetto centrale per il 2021:<\/p>\n<ul>\n<li><strong>Contatti, contatti, contatti:<\/strong> con altre Tavolate \u2013 rappresentanti regionali di Tavolata \u2013 con i Comuni, con le organizzazioni partner attuali e future, con i partner regionali, con i programmi d\u2019azione cantonali \u2013&gt; pubbliche relazioni, visibilit\u00e0 \u2013 e, se possibile, tornare a incontrarsi di persona all\u2019inizio dell\u2019estate, anche a livello regionale o nazionale!<\/li>\n<li><strong>Condividere:<\/strong> mostrare interesse per le gioie e le preoccupazioni, bilanciare ci\u00f2 che si riceve e ci\u00f2 che si d\u00e0, fare belle conversazioni, eventualmente pianificare attivit\u00e0 in comune che vadano al di l\u00e0 della convivialit\u00e0 a tavola \u2013&gt; sperimentare nuovi formati (per es. Teilete) e condividere le esperienze!<\/li>\n<li><strong>Trovare persone:<\/strong> promotori di iniziative, membri, magari anche di et\u00e0 diverse. Tenere presente il \u201ccambio generazionale\u201d \u2013&gt; sperimentare nuovi formati (per es. caff\u00e8 incontro, invitare ospiti) e condividere le esperienze!<\/li>\n<li><strong>Tavolata digitale:<\/strong> non aver paura di incontrarsi in modalit\u00e0 digitale!<\/li>\n<li><strong>Rapporti interpersonali:<\/strong> gestione dei conflitti, ritorno a una vita solitaria, possibile solitudine causata dall\u2019isolamento \u2013&gt; continuiamo a confrontarci (in modalit\u00e0 digitale) in merito!<\/li>\n<\/ul>\n<h3>Retrospettiva sulla prima riunione del consiglio di Tavolata dell\u20198 novembre 2019<\/h3>\n<p>Sotto la direzione di Thomas Braun \u00e8 stato discusso ci\u00f2 che attualmente funziona bene e ci\u00f2 che necessita di ulteriore intervento. I presenti hanno partecipato con impegno e creativit\u00e0. Il risultato \u00e8 molto incoraggiante e stimola ad affrontare insieme i prossimi ostacoli:<\/p>\n<ul>\n<li><strong>Molte cose stanno andando a gonfie vele:<\/strong> nelle Tavolate locali aleggia un senso di comunit\u00e0 e si coltiva una buona cultura del dialogo. I partecipanti sono soddisfatti della regolarit\u00e0 degli incontri e di poter contribuire con le proprie potenzialit\u00e0. Apprezzano l\u2019auto-organizzazione e la qualit\u00e0 dei cibi e delle bevande. Si rendono conto che la rete apprezza la natura variegata di Tavolata.<\/li>\n<li><strong>Alcuni aspetti necessitano di (ulteriore) attenzione:<\/strong> il processo di fondazione e la ricerca di membri possono essere difficili. Non sempre \u00e8 possibile trovare organizzazioni locali che sostengano Tavolata. Occorre rendere pi\u00f9 convincenti le argomentazioni che permettono di guadagnare il supporto di queste organizzazioni. Non sempre i membri di una Tavolata partecipano al gruppo con lo stesso impegno. Spesso emerge il desiderio di attivit\u00e0 che si estendano al di l\u00e0 del gruppo locale, ma non sempre vengono messe in pratica.<\/li>\n<li><strong>La principale sfida<\/strong> della rete consiste nel far conoscere Tavolata e renderla visibile a livello locale, non come forma di concorrenza, bens\u00ec come un prezioso e stimolante arricchimento delle offerte esistenti.<\/li>\n<\/ul>\n<p>I riscontri ottenuti confluiranno nelle attivit\u00e0 della rete nel 2020. I risultati sono illustrati in modo dettagliato nelle seguenti \u201cschede Sokrates\u201d:<\/p>\n<ul>\n<li>Risultati delle discussioni di gruppo: <a href=\"https:\/\/www.tavolata.ch\/wp-content\/uploads\/2020\/07\/TR2019_Gruppe-gruen_191108-scaled.jpg\" target=\"_blank\" rel=\"noopener\">gruppo verde<\/a>, <a href=\"https:\/\/www.tavolata.ch\/wp-content\/uploads\/2020\/07\/TR2019_Gruppe-rot_191108-scaled.jpg\" target=\"_blank\" rel=\"noopener\">gruppo rosso<\/a>, <a href=\"https:\/\/www.tavolata.ch\/wp-content\/uploads\/2020\/07\/TR2019_Gruppe-gelb_191108-scaled.jpg\" target=\"_blank\" rel=\"noopener\">gruppo giallo<\/a>, <a href=\"https:\/\/www.tavolata.ch\/wp-content\/uploads\/2020\/07\/TR2019_Gruppe-blau_191108-scaled.jpg\" target=\"_blank\" rel=\"noopener\">gruppo blu<\/a><\/li>\n<li>Sintesi degli <a href=\"https:\/\/www.tavolata.ch\/wp-content\/uploads\/2020\/07\/Zentralkarte_Wirkungen-lokal_191127.pdf\" target=\"_blank\" rel=\"noopener\">argomenti correlati con le Tavolate locali<\/a>, con i rappresentanti regionali di Tavolata, il <a href=\"https:\/\/www.tavolata.ch\/wp-content\/uploads\/2020\/07\/Zentralkarte_Wirkungen-RegTaV-Tavolata-Rat_191127.pdf\" target=\"_blank\" rel=\"noopener\">consiglio di Tavolata<\/a> e le <a href=\"https:\/\/www.tavolata.ch\/wp-content\/uploads\/2020\/07\/Zentralkarte_Wirkungen-Partnerorganisationen_191127.pdf\" target=\"_blank\" rel=\"noopener\">organizzazioni partner<\/a>.<\/li>\n<\/ul>\n<p>&nbsp;<\/p>\n<p>&nbsp;<\/p>\n<p>&nbsp;<\/p>\n","protected":false},"excerpt":{"rendered":"<p>Il consiglio di Tavolata riunisce tutti i referenti delle Tavolate locali nonch\u00e9 tutti i rappresentanti regionali di Tavolata. L\u2019obiettivo di quest\u2019organo \u00e8 coinvolgere costantemente la base di Tavolata nella gestione della rete. Retrospettiva sulla riunione del consiglio di Tavolata del 3 novembre 2022 Eccone il riassunto Retrospettiva sulla terza riunione del consiglio di Tavolata del [&hellip;]<\/p>\n","protected":false},"author":2,"featured_media":0,"parent":0,"menu_order":118,"comment_status":"closed","ping_status":"closed","template":"","meta":{"_acf_changed":false,"footnotes":""},"class_list":["post-7258","page","type-page","status-publish","hentry"],"acf":[],"_links":{"self":[{"href":"https:\/\/www.tavolata.ch\/it\/wp-json\/wp\/v2\/pages\/7258","targetHints":{"allow":["GET"]}}],"collection":[{"href":"https:\/\/www.tavolata.ch\/it\/wp-json\/wp\/v2\/pages"}],"about":[{"href":"https:\/\/www.tavolata.ch\/it\/wp-json\/wp\/v2\/types\/page"}],"author":[{"embeddable":true,"href":"https:\/\/www.tavolata.ch\/it\/wp-json\/wp\/v2\/users\/2"}],"replies":[{"embeddable":true,"href":"https:\/\/www.tavolata.ch\/it\/wp-json\/wp\/v2\/comments?post=7258"}],"version-history":[{"count":7,"href":"https:\/\/www.tavolata.ch\/it\/wp-json\/wp\/v2\/pages\/7258\/revisions"}],"predecessor-version":[{"id":11150,"href":"https:\/\/www.tavolata.ch\/it\/wp-json\/wp\/v2\/pages\/7258\/revisions\/11150"}],"wp:attachment":[{"href":"https:\/\/www.tavolata.ch\/it\/wp-json\/wp\/v2\/media?parent=7258"}],"curies":[{"name":"wp","href":"https:\/\/api.w.org\/{rel}","templated":true}]}}

<p>Il consiglio di Tavolata riunisce tutti i referenti delle Tavolate locali nonché tutti i rappresentanti regionali di Tavolata. L’obiettivo di quest’organo è coinvolgere costantemente la base di Tavolata nella gestione della rete.</p>
<h3>Retrospettiva sulla riunione del consiglio di Tavolata del 3 novembre 2022</h3>
<p><a href="https://www.tavolata.ch/it/riunione-del-consiglio-di-tavolata/">Eccone il riassunto</a></p>
<h3><strong>Retrospettiva sulla terza riunione del consiglio di Tavolata del 23 settembre 2021</strong></h3>
<p>Il consiglio di Tavolata 2021 ha avuto luogo separatamente in ciascuna delle tre regioni linguistiche.</p>
<ul>
<li>In tutte le regioni, il team di progetto di Tavolata ha passato in rassegna le attività della rete che si sono svolte dal secondo consiglio di Tavolata. Si è quindi discusso a lungo sui risultati del sondaggio “Tavolata ai tempi del coronavirus” condotto tra i membri.</li>
<li>Le tensioni legate al Covid-19 hanno fornito spunti di discussione in tutte le regioni linguistiche.</li>
<li>Nella Svizzera tedesca, i temi hanno continuato a girare intorno alle aspettative dei referenti o dei membri della Tavolata locale, alla possibilità di incontro a fronte di esigenze e condizioni mutevoli, alle giovani leve nelle Tavolate locali, oltre all’importanza della rete e al suo ulteriore sviluppo.</li>
<li>La responsabile di progetto nella Svizzera francese si è confrontata con il rappresentante volontario di Pro Senectute Friburgo sulle sfide che il Covid-19 pone allo sviluppo della rete di Tavolata.</li>
<li>In Ticino, nonostante tutto, si percepiva anche un rinnovato entusiasmo: le organizzazioni presenti si sono dette disponibili a sostenere Tavolata e a promuovere attivamente la costituzione di nuovi gruppi.</li>
</ul>
<p>Un verbale dettagliato del terzo consiglio di Tavolata sarà a breve disponibile qui.</p>
<p><a href="https://www.tavolata.ch/wp-content/uploads/2021/11/Tavolata-Rat_2021_Protokoll_DE.pdf" target="_blank" rel="noopener">Verbale dettagliato</a></p>
<h3>Retrospettiva sulla seconda riunione del consiglio di Tavolata del 22 ottobre 2020</h3>
<p><img loading="lazy" decoding="async" class="size-medium wp-image-7259 alignleft" src="https://www.tavolata.ch/wp-content/uploads/2021/06/Tavolata-Ratsversammlung-300x187.jpg" alt="" width="300" height="187" srcset="https://www.tavolata.ch/wp-content/uploads/2021/06/Tavolata-Ratsversammlung-300x187.jpg 300w, https://www.tavolata.ch/wp-content/uploads/2021/06/Tavolata-Ratsversammlung-1024x640.jpg 1024w, https://www.tavolata.ch/wp-content/uploads/2021/06/Tavolata-Ratsversammlung-768x480.jpg 768w, https://www.tavolata.ch/wp-content/uploads/2021/06/Tavolata-Ratsversammlung-1536x960.jpg 1536w, https://www.tavolata.ch/wp-content/uploads/2021/06/Tavolata-Ratsversammlung-2048x1280.jpg 2048w" sizes="auto, (max-width: 300px) 100vw, 300px" />Nella seconda riunione del consiglio di Tavolata, svoltasi online, il tema principale all’ordine del giorno è stato: come si comportano le Tavolate in tempi di coronavirus? I referenti che hanno preso parte alla riunione hanno illustrato le loro attuali sfide: alcune Tavolate continuano a incontrarsi come prima e si mantengono in contatto, altre invece non si incontrano più. Le persone tendono a isolarsi e i contatti si perdono rapidamente.</p>
<p>È stato inoltre ampiamente discusso se i formati digitali possano arricchire i contatti nel gruppo. Marlen Rutz, responsabile di progetto di Tavolata, ha affermato che offerte digitali come “Amuse bouche” dovrebbero essere ulteriormente ampliate per permettere alle persone di incontrarsi al di là del gruppo locale malgrado le limitazioni attuali. Il nuovo sito web e il nuovo giornale di Tavolata “Bon Appétit!” dovrebbero inoltre fornire un punto di vista vivace e informativo sulla rete e sulle sue attività.</p>
<p>Anche nella Svizzera occidentale ferve l’attività: Marine Jordan di Radix ha già ottenuto alcuni risultati. Da quanto ha riferito, soprattutto nel Canton Friburgo e nell’Arco del Giura (Neuchâtel-Giura) esistono attualmente Tavolate attive. Nella Svizzera romanda e in Ticino i tentativi di fondare nuove Tavolate sono stati purtroppo ostacolati dal coronavirus. Nella primavera 2021 Marine Jordan (Svizzera romanda) e Marcello Martinoni (Ticino) intensificheranno i loro sforzi.</p>
<p>Queste sono le conclusioni del team di progetto centrale per il 2021:</p>
<ul>
<li><strong>Contatti, contatti, contatti:</strong> con altre Tavolate – rappresentanti regionali di Tavolata – con i Comuni, con le organizzazioni partner attuali e future, con i partner regionali, con i programmi d’azione cantonali –&gt; pubbliche relazioni, visibilità – e, se possibile, tornare a incontrarsi di persona all’inizio dell’estate, anche a livello regionale o nazionale!</li>
<li><strong>Condividere:</strong> mostrare interesse per le gioie e le preoccupazioni, bilanciare ciò che si riceve e ciò che si dà, fare belle conversazioni, eventualmente pianificare attività in comune che vadano al di là della convivialità a tavola –&gt; sperimentare nuovi formati (per es. Teilete) e condividere le esperienze!</li>
<li><strong>Trovare persone:</strong> promotori di iniziative, membri, magari anche di età diverse. Tenere presente il “cambio generazionale” –&gt; sperimentare nuovi formati (per es. caffè incontro, invitare ospiti) e condividere le esperienze!</li>
<li><strong>Tavolata digitale:</strong> non aver paura di incontrarsi in modalità digitale!</li>
<li><strong>Rapporti interpersonali:</strong> gestione dei conflitti, ritorno a una vita solitaria, possibile solitudine causata dall’isolamento –&gt; continuiamo a confrontarci (in modalità digitale) in merito!</li>
</ul>
<h3>Retrospettiva sulla prima riunione del consiglio di Tavolata dell’8 novembre 2019</h3>
<p>Sotto la direzione di Thomas Braun è stato discusso ciò che attualmente funziona bene e ciò che necessita di ulteriore intervento. I presenti hanno partecipato con impegno e creatività. Il risultato è molto incoraggiante e stimola ad affrontare insieme i prossimi ostacoli:</p>
<ul>
<li><strong>Molte cose stanno andando a gonfie vele:</strong> nelle Tavolate locali aleggia un senso di comunità e si coltiva una buona cultura del dialogo. I partecipanti sono soddisfatti della regolarità degli incontri e di poter contribuire con le proprie potenzialità. Apprezzano l’auto-organizzazione e la qualità dei cibi e delle bevande. Si rendono conto che la rete apprezza la natura variegata di Tavolata.</li>
<li><strong>Alcuni aspetti necessitano di (ulteriore) attenzione:</strong> il processo di fondazione e la ricerca di membri possono essere difficili. Non sempre è possibile trovare organizzazioni locali che sostengano Tavolata. Occorre rendere più convincenti le argomentazioni che permettono di guadagnare il supporto di queste organizzazioni. Non sempre i membri di una Tavolata partecipano al gruppo con lo stesso impegno. Spesso emerge il desiderio di attività che si estendano al di là del gruppo locale, ma non sempre vengono messe in pratica.</li>
<li><strong>La principale sfida</strong> della rete consiste nel far conoscere Tavolata e renderla visibile a livello locale, non come forma di concorrenza, bensì come un prezioso e stimolante arricchimento delle offerte esistenti.</li>
</ul>
<p>I riscontri ottenuti confluiranno nelle attività della rete nel 2020. I risultati sono illustrati in modo dettagliato nelle seguenti “schede Sokrates”:</p>
<ul>
<li>Risultati delle discussioni di gruppo: <a href="https://www.tavolata.ch/wp-content/uploads/2020/07/TR2019_Gruppe-gruen_191108-scaled.jpg" target="_blank" rel="noopener">gruppo verde</a>, <a href="https://www.tavolata.ch/wp-content/uploads/2020/07/TR2019_Gruppe-rot_191108-scaled.jpg" target="_blank" rel="noopener">gruppo rosso</a>, <a href="https://www.tavolata.ch/wp-content/uploads/2020/07/TR2019_Gruppe-gelb_191108-scaled.jpg" target="_blank" rel="noopener">gruppo giallo</a>, <a href="https://www.tavolata.ch/wp-content/uploads/2020/07/TR2019_Gruppe-blau_191108-scaled.jpg" target="_blank" rel="noopener">gruppo blu</a></li>
<li>Sintesi degli <a href="https://www.tavolata.ch/wp-content/uploads/2020/07/Zentralkarte_Wirkungen-lokal_191127.pdf" target="_blank" rel="noopener">argomenti correlati con le Tavolate locali</a>, con i rappresentanti regionali di Tavolata, il <a href="https://www.tavolata.ch/wp-content/uploads/2020/07/Zentralkarte_Wirkungen-RegTaV-Tavolata-Rat_191127.pdf" target="_blank" rel="noopener">consiglio di Tavolata</a> e le <a href="https://www.tavolata.ch/wp-content/uploads/2020/07/Zentralkarte_Wirkungen-Partnerorganisationen_191127.pdf" target="_blank" rel="noopener">organizzazioni partner</a>.</li>
</ul>
<p>&nbsp;</p>
<p>&nbsp;</p>
<p>&nbsp;</p>

<p>Il consiglio di Tavolata riunisce tutti i referenti delle Tavolate locali nonché tutti i rappresentanti regionali di Tavolata. L’obiettivo di quest’organo è coinvolgere costantemente la base di Tavolata nella gestione della rete. Retrospettiva sulla riunione del consiglio di Tavolata del 3 novembre 2022 Eccone il riassunto Retrospettiva sulla terza riunione del consiglio di Tavolata del [&hellip;]</p>
