{"id":1349,"date":"2020-07-01T00:12:11","date_gmt":"2020-06-30T22:12:11","guid":{"rendered":"https:\/\/www.tavolata.ch\/?page_id=1349"},"modified":"2026-01-22T20:02:56","modified_gmt":"2026-01-22T19:02:56","slug":"medias","status":"publish","type":"page","link":"https:\/\/www.tavolata.ch\/fr\/medias\/","title":{"rendered":"M\u00e9dias"},"content":{"rendered":"<h3>Revue de presse<\/h3>\n<p><a href=\"https:\/\/www.tavolata.ch\/wp-content\/uploads\/2023\/09\/38_23_Franzoesisch-1.pdf\">\u00abTout le monde \u00e0 table!\u00bb<\/a> (Migros Magazine, 18 septembre 2023)<\/p>\n<p><a href=\"https:\/\/www.migros-engagement.ch\/fr\/news-projets\/vivre-ensemble\/ensemble-c-est-mieux\" target=\"_blank\" rel=\"noopener\">\u00abEnsemble c\u2019est mieux\u00bb<\/a> (Migros Magazine, 26 novembre 2021)<\/p>\n<p><a href=\"https:\/\/www.rts.ch\/info\/suisse\/12663393-les-besoins-et-les-habitudes-nutritionnels-evoluent-avec-lage.html\" target=\"_blank\" rel=\"noopener\">Les besoins et les habitudes nutritionnels \u00e9voluent avec l&rsquo;\u00e2ge<\/a> (RSI, 23 novembre 2021)<\/p>\n<p><a href=\"https:\/\/www.tavolata.ch\/wp-content\/uploads\/2021\/06\/AvenueClip-la-gruyere.pdf\" target=\"_blank\" rel=\"noopener\">Les tables d\u2019h\u00f4te Tavolata rouvrent en juillet<\/a> (La Gruy\u00e8re, 10 juin 2021)<\/p>\n<p><a href=\"https:\/\/www.laliberte.ch\/info-regionale\/canton\/au-restaurant-entre-seniors-606934\" target=\"_blank\" rel=\"noopener\">\u00abAu restaurant entre seniors\u00bb<\/a> (La Libert\u00e9, 2 juin 2021)<\/p>\n<p><a href=\"https:\/\/www.freiburger-nachrichten.ch\/der-seniorenmittagstisch-soll-auch-ins-restaurant\/\">\u00abDer Seniorenmittagstisch soll auch ins Restaurant\u00bb<\/a> (Freiburger Nachrichten, 2 juin 2021)<\/p>\n<p><a href=\"http:\/\/www.canalalpha.ch\/emissions\/90secondes\/90-secondes-en-quete-de-sens\/\" target=\"_blank\" rel=\"noopener noreferrer\">\u00abAtelier En qu\u00eate de sens &#8211; Journ\u00e9e Tavolata du 27.11.17 Neuch\u00e2tel\u00bb<\/a> (24 novembre 2017)<\/p>\n<p><a href=\"https:\/\/www.tavolata.ch\/wp-content\/uploads\/2020\/07\/ArticleNov17.pdf\">G\u00e9n\u00e9rations plus<\/a> (novembre 2017)<\/p>\n<p><a href=\"https:\/\/www.tavolata.ch\/wp-content\/uploads\/2020\/07\/AV_1016_tavolata_V2.pdf\" target=\"_blank\" rel=\"noopener noreferrer\">Magazine ActuVernier<\/a> (septembre 2016)<\/p>\n<p><a href=\"https:\/\/www.tavolata.ch\/wp-content\/uploads\/2020\/07\/ArticleMMAG_071215.pdf\" target=\"_blank\" rel=\"noopener noreferrer\">Migros Magazine<\/a> (d\u00e9cembre 2015)<\/p>\n<p><a href=\"https:\/\/www.tavolata.ch\/wp-content\/uploads\/2020\/07\/ForumElle_Bulletin_2_2015_fr.pdf\" target=\"_blank\" rel=\"noopener noreferrer\">Forum elle Bulletin<\/a> (novembre 2015)<\/p>\n","protected":false},"excerpt":{"rendered":"<p>Revue de presse \u00abTout le monde \u00e0 table!\u00bb (Migros Magazine, 18 septembre 2023) \u00abEnsemble c\u2019est mieux\u00bb (Migros Magazine, 26 novembre 2021) Les besoins et les habitudes nutritionnels \u00e9voluent avec l&rsquo;\u00e2ge (RSI, 23 novembre 2021) Les tables d\u2019h\u00f4te Tavolata rouvrent en juillet (La Gruy\u00e8re, 10 juin 2021) \u00abAu restaurant entre seniors\u00bb (La Libert\u00e9, 2 juin 2021) [&hellip;]<\/p>\n","protected":false},"author":2,"featured_media":0,"parent":0,"menu_order":89,"comment_status":"closed","ping_status":"closed","template":"","meta":{"_acf_changed":false,"footnotes":""},"class_list":["post-1349","page","type-page","status-publish","hentry"],"acf":[],"_links":{"self":[{"href":"https:\/\/www.tavolata.ch\/fr\/wp-json\/wp\/v2\/pages\/1349","targetHints":{"allow":["GET"]}}],"collection":[{"href":"https:\/\/www.tavolata.ch\/fr\/wp-json\/wp\/v2\/pages"}],"about":[{"href":"https:\/\/www.tavolata.ch\/fr\/wp-json\/wp\/v2\/types\/page"}],"author":[{"embeddable":true,"href":"https:\/\/www.tavolata.ch\/fr\/wp-json\/wp\/v2\/users\/2"}],"replies":[{"embeddable":true,"href":"https:\/\/www.tavolata.ch\/fr\/wp-json\/wp\/v2\/comments?post=1349"}],"version-history":[{"count":21,"href":"https:\/\/www.tavolata.ch\/fr\/wp-json\/wp\/v2\/pages\/1349\/revisions"}],"predecessor-version":[{"id":16482,"href":"https:\/\/www.tavolata.ch\/fr\/wp-json\/wp\/v2\/pages\/1349\/revisions\/16482"}],"wp:attachment":[{"href":"https:\/\/www.tavolata.ch\/fr\/wp-json\/wp\/v2\/media?parent=1349"}],"curies":[{"name":"wp","href":"https:\/\/api.w.org\/{rel}","templated":true}]}}

Médias

<h3>Revue de presse</h3>
<p><a href="https://www.tavolata.ch/wp-content/uploads/2023/09/38_23_Franzoesisch-1.pdf">«Tout le monde à table!»</a> (Migros Magazine, 18 septembre 2023)</p>
<p><a href="https://www.migros-engagement.ch/fr/news-projets/vivre-ensemble/ensemble-c-est-mieux" target="_blank" rel="noopener">«Ensemble c’est mieux»</a> (Migros Magazine, 26 novembre 2021)</p>
<p><a href="https://www.rts.ch/info/suisse/12663393-les-besoins-et-les-habitudes-nutritionnels-evoluent-avec-lage.html" target="_blank" rel="noopener">Les besoins et les habitudes nutritionnels évoluent avec l&rsquo;âge</a> (RSI, 23 novembre 2021)</p>
<p><a href="https://www.tavolata.ch/wp-content/uploads/2021/06/AvenueClip-la-gruyere.pdf" target="_blank" rel="noopener">Les tables d’hôte Tavolata rouvrent en juillet</a> (La Gruyère, 10 juin 2021)</p>
<p><a href="https://www.laliberte.ch/info-regionale/canton/au-restaurant-entre-seniors-606934" target="_blank" rel="noopener">«Au restaurant entre seniors»</a> (La Liberté, 2 juin 2021)</p>
<p><a href="https://www.freiburger-nachrichten.ch/der-seniorenmittagstisch-soll-auch-ins-restaurant/">«Der Seniorenmittagstisch soll auch ins Restaurant»</a> (Freiburger Nachrichten, 2 juin 2021)</p>
<p><a href="http://www.canalalpha.ch/emissions/90secondes/90-secondes-en-quete-de-sens/" target="_blank" rel="noopener noreferrer">«Atelier En quête de sens &#8211; Journée Tavolata du 27.11.17 Neuchâtel»</a> (24 novembre 2017)</p>
<p><a href="https://www.tavolata.ch/wp-content/uploads/2020/07/ArticleNov17.pdf">Générations plus</a> (novembre 2017)</p>
<p><a href="https://www.tavolata.ch/wp-content/uploads/2020/07/AV_1016_tavolata_V2.pdf" target="_blank" rel="noopener noreferrer">Magazine ActuVernier</a> (septembre 2016)</p>
<p><a href="https://www.tavolata.ch/wp-content/uploads/2020/07/ArticleMMAG_071215.pdf" target="_blank" rel="noopener noreferrer">Migros Magazine</a> (décembre 2015)</p>
<p><a href="https://www.tavolata.ch/wp-content/uploads/2020/07/ForumElle_Bulletin_2_2015_fr.pdf" target="_blank" rel="noopener noreferrer">Forum elle Bulletin</a> (novembre 2015)</p>

<p>Revue de presse «Tout le monde à table!» (Migros Magazine, 18 septembre 2023) «Ensemble c’est mieux» (Migros Magazine, 26 novembre 2021) Les besoins et les habitudes nutritionnels évoluent avec l&rsquo;âge (RSI, 23 novembre 2021) Les tables d’hôte Tavolata rouvrent en juillet (La Gruyère, 10 juin 2021) «Au restaurant entre seniors» (La Liberté, 2 juin 2021) [&hellip;]</p>
